-- https://www.phpmyadmin.net/
--
-- Anamakine: localhost:3306
-- Üretim Zamanı: 23 Tem 2019, 01:37:21
-- Sunucu sürümü: 5.5.38-cll-lve
-- PHP Sürümü: 5.6.30

START TRANSACTION;



-- --------------------------------------------------------

--
-- Tablo için tablo yapısı `bolum`
--

CREATE TABLE `bolum` (
  `id` int(11) NOT NULL,
  `baslik` varchar(255) DEFAULT NULL,
  `durum` int(2) DEFAULT NULL
) ENGINE=InnoDB DEFAULT CHARSET=utf8;

--
-- Tablo döküm verisi `bolum`
--

INSERT INTO `bolum` (`id`, `baslik`, `durum`) VALUES
(1, 'Anasayfa Slayt', 1),
(10, 'Anasayfa Ürünler ', 1),
(11, 'Referanslar', 1),
(12, 'Anasayfa Hizmetler', 1),
(13, 'Anasayfa Galeri', 1),
(14, 'Neden Bizi Seçmelisiniz?', 0),
(15, 'Duyuru & Haber', 1),
(16, 'Anasayfa Iconlu Bölüm', 1);

-- --------------------------------------------------------

--
-- Tablo için tablo yapısı `galeri`
--

CREATE TABLE `galeri` (
  `id` int(11) NOT NULL,
  `baslik` varchar(255) DEFAULT NULL,
  `durum` int(2) DEFAULT NULL,
  `sira` int(11) DEFAULT NULL,
  `resim` varchar(255) DEFAULT NULL,
  `ust_id` int(11) DEFAULT NULL,
  `tablo_adi` varchar(50) DEFAULT NULL,
  `vitrin` int(2) DEFAULT NULL
) ENGINE=InnoDB DEFAULT CHARSET=utf8;

--
-- Tablo döküm verisi `galeri`
--

INSERT INTO `galeri` (`id`, `baslik`, `durum`, `sira`, `resim`, `ust_id`, `tablo_adi`, `vitrin`) VALUES
(318, '', 1, 0, '2007 CV OTOMOBİL FUARI (2)_1280x800.jpg', 225, 'sayfalar', NULL),
(319, '', 1, 0, '2007 CV OTOMOBİL FUARI (3)_1280x800.jpg', 225, 'sayfalar', NULL),
(320, '', 1, 0, '2007 CV OTOMOBİL FUARI (4)_1280x800.jpg', 225, 'sayfalar', NULL),
(321, '', 1, 0, '2009 SIGN FUARI (2)_1280x800.jpg', 229, 'sayfalar', NULL),
(322, '', 1, 0, '2009 SIGN FUARI (3)_1280x800.jpg', 229, 'sayfalar', NULL),
(323, '', 1, 0, '2009 SIGN FUARI (4)_1280x800.jpg', 229, 'sayfalar', NULL),
(324, '', 1, 0, '2010 LED FUARI (2)_1280x800.jpg', 235, 'sayfalar', NULL),
(325, '', 1, 0, '2010 LED FUARI (3)_1280x800.jpg', 235, 'sayfalar', NULL),
(326, '', 1, 0, '2010 LED FUARI (4)_1280x800.jpg', 235, 'sayfalar', NULL),
(327, '', 1, 0, '2010 SIGN FUARI (2)_1280x800.jpg', 238, 'sayfalar', NULL),
(328, '', 1, 0, '2010 SIGN FUARI (3)_1280x800.jpg', 238, 'sayfalar', NULL),
(329, '', 1, 0, '2011 LED FUARI (2)_1280x800.jpg', 244, 'sayfalar', NULL),
(330, '', 1, 0, '2011 LED FUARI (3)_1280x800.jpg', 244, 'sayfalar', NULL),
(331, '', 1, 0, '2011 LED FUARI (4)_1280x800.jpg', 244, 'sayfalar', NULL),
(332, '', 1, 0, '2011 LED FUARI (5)_1280x800.jpg', 244, 'sayfalar', NULL);

-- --------------------------------------------------------

--
-- Tablo için tablo yapısı `kategori`
--

CREATE TABLE `kategori` (
  `id` int(11) NOT NULL,
  `baslik` varchar(255) DEFAULT NULL,
  `sira` double DEFAULT NULL,
  `resim` varchar(255) DEFAULT NULL,
  `durum` int(2) DEFAULT NULL
) ENGINE=InnoDB DEFAULT CHARSET=utf8;

--
-- Tablo döküm verisi `kategori`
--

INSERT INTO `kategori` (`id`, `baslik`, `sira`, `resim`, `durum`) VALUES
(6, 'Diğer Sorularınız', NULL, NULL, 1);

-- --------------------------------------------------------

--
-- Tablo için tablo yapısı `kisiler`
--

CREATE TABLE `kisiler` (
  `id` int(11) NOT NULL,
  `baslik` varchar(255) DEFAULT NULL,
  `sira` int(11) DEFAULT NULL,
  `title` varchar(255) DEFAULT NULL,
  `kisa_icerik` text,
  `detay` text,
  `resim` varchar(255) DEFAULT NULL,
  `durum` int(2) DEFAULT NULL,
  `vitrin` int(2) DEFAULT NULL
) ENGINE=InnoDB DEFAULT CHARSET=utf8;

-- --------------------------------------------------------

--
-- Tablo için tablo yapısı `menu`
--

CREATE TABLE `menu` (
  `id` int(11) NOT NULL,
  `baslik` varchar(255) DEFAULT NULL,
  `sira` int(5) DEFAULT NULL,
  `durum` int(2) DEFAULT NULL,
  `menu_id` int(11) DEFAULT NULL,
  `url` varchar(255) DEFAULT NULL,
  `sayfa_turu_id` int(11) DEFAULT NULL,
  `seo_title` varchar(255) DEFAULT NULL,
  `seo_keywords` varchar(255) DEFAULT NULL,
  `seo_description` varchar(255) DEFAULT NULL,
  `permalink` varchar(255) DEFAULT NULL,
  `detay` text,
  `ust_menu` int(2) DEFAULT NULL,
  `resim` varchar(255) DEFAULT NULL,
  `footer_menu` int(11) DEFAULT NULL
) ENGINE=InnoDB DEFAULT CHARSET=utf8;

--
-- Tablo döküm verisi `menu`
--

INSERT INTO `menu` (`id`, `baslik`, `sira`, `durum`, `menu_id`, `url`, `sayfa_turu_id`, `seo_title`, `seo_keywords`, `seo_description`, `permalink`, `detay`, `ust_menu`, `resim`, `footer_menu`) VALUES
(2, 'HAKKIMIZDA', 2, 1, 0, '#', 1, '', '', '', 'hakkimizda', '', 1, 'hgenel3.jpg', 0),
(4, 'İLETİŞİM', 99, 1, 0, '#', 3, '', '', '', 'iletisim', '', 1, 'hgenel3.jpg', 0),
(23, 'ANASAYFA', 1, 1, 0, 'index.php', 5, '', '', '', 'anasayfa', '', 1, NULL, 0),
(73, 'Hizmet Alt Menü 1', 0, 1, 6, '', 7, '', '', '', 'yasli-bakim-hizmeti', '', 1, NULL, NULL),
(74, 'Hizmet Alt Menü 2', 0, 1, 6, '', 7, '', '', '', 'saglik-kontrolu', '', 1, NULL, NULL),
(75, 'Projeler Alt Menü 1', 0, 1, 82, '', 7, '', '', '', 'sosyal-aktivite', '', 1, NULL, NULL),
(76, 'Projeler Alt Menü 2', 0, 1, 82, '', 7, '', '', '', 'nitelikli-zaman-gecirme', '', 1, NULL, NULL),
(83, 'ÜRÜNLER', 3, 1, 0, '', 6, '', '', '', 'urunler', '', 1, NULL, 0),
(84, 'Converterler', 0, 1, 83, '', 6, '', '', '', 'converterler', '', 1, NULL, 1),
(85, 'Kepenk Alıcıları', 0, 1, 83, '', 6, '', '', '', 'kepenk-alicilari', '', 1, NULL, 1),
(86, 'Kepenk Ups', 0, 1, 83, '', 6, '', '', '', 'kepenk-ups', '', 1, NULL, 1),
(87, 'Led Aydınlatma', 0, 1, 83, '', 6, '', '', '', 'led-aydinlatma', '', 1, NULL, 1),
(88, 'Led Panolar', 0, 1, 83, '', 6, '', '', '', 'led-panolar', '', 1, NULL, 0),
(89, 'Otomotiv Otobüs Panelleri', 0, 1, 88, '', 6, '', '', '', 'otomotiv-otobus-panelleri', '', 1, NULL, NULL),
(90, 'Saatler', 0, 1, 83, '', 6, '', '', '', 'saatler', '', 1, NULL, 1),
(91, 'REFERANSLAR', 4, 1, 0, '', 5, '', '', '', 'referanslar', '', 1, NULL, 0),
(92, 'Yapılan İşler', 0, 1, 91, '', 9, '', '', '', 'referanslar-ve-yapilan-isler', '', NULL, NULL, NULL),
(94, 'FUARLARIMIZ', 6, 1, 0, '', 13, '', '', '', 'fuarlarimiz2', '', 1, NULL, NULL);

-- --------------------------------------------------------

--
-- Tablo için tablo yapısı `sayfalar`
--

CREATE TABLE `sayfalar` (
  `id` int(11) NOT NULL,
  `baslik` varchar(255) NOT NULL,
  `detay` text NOT NULL,
  `kisa_icerik` text NOT NULL,
  `resim` varchar(255) NOT NULL,
  `sira` int(11) NOT NULL,
  `durum` int(2) NOT NULL,
  `tarih` int(11) NOT NULL,
  `menu_id` int(11) NOT NULL,
  `fiyat` double NOT NULL,
  `permalink` varchar(255) NOT NULL,
  `kod` varchar(255) DEFAULT NULL,
  `video_url` text,
  `vitrin` int(2) DEFAULT NULL,
  `gentext` int(2) NOT NULL DEFAULT '0'
) ENGINE=InnoDB DEFAULT CHARSET=utf8;

--
-- Tablo döküm verisi `sayfalar`
--

INSERT INTO `sayfalar` (`id`, `baslik`, `detay`, `kisa_icerik`, `resim`, `sira`, `durum`, `tarih`, `menu_id`, `fiyat`, `permalink`, `kod`, `video_url`, `vitrin`, `gentext`) VALUES
(105, 'Arı Elektronik', '<p><strong>Lorem Ipsum</strong>, dizgi ve baskı end&uuml;strisinde kullanılan mıgır metinlerdir. Lorem Ipsum, adı bilinmeyen bir matbaacının bir hurufat numune kitabı oluşturmak &uuml;zere bir yazı galerisini alarak karıştırdığı 1500&#39;lerden beri end&uuml;stri standardı sahte metinler olarak kullanılmıştır.<br />\r\n<br />\r\nBeşy&uuml;z yıl boyunca varlığını s&uuml;rd&uuml;rmekle kalmamış, aynı zamanda pek değişmeden elektronik dizgiye de sı&ccedil;ramıştır. 1960&#39;larda Lorem Ipsum pasajları da i&ccedil;eren Letraset yapraklarının yayınlanması ile ve yakın zamanda Aldus PageMaker gibi Lorem Ipsum s&uuml;r&uuml;mleri i&ccedil;eren masa&uuml;st&uuml; yayıncılık yazılımları ile pop&uuml;ler olmuştur.</p>\r\n', '', '', 0, 1, 0, 2, 0, 'fnp-digital', NULL, NULL, NULL, 0),
(110, '12-24V Giriş 5V Çıkış 10A Düşürücü DY125-10', '', '', '12-24 V-GIRIS-5V CIKIS-10A DUSURUCU- DY125-10.jpg', 0, 1, 0, 84, 0, '12-24v-giris-5v-cikis-10a-dusurucu-dy125-10', NULL, NULL, NULL, 0),
(111, '12-24 Yükseltici', '', '', '12-24 YUKSELTICI.jpg', 0, 1, 0, 84, 0, '12-24-yukseltici', NULL, NULL, 0, 0),
(112, '12-24V Giriş 5V Çıkış 15A ve 20A Düşürücü DY125-15 ve DY125-20', '', '', '12-24V-GIRIS-5V CIKIS-15A-VE-20A DUSURUCU-DY125-15 VE DY125-20.jpg', 0, 1, 0, 84, 0, '12-24v-giris-5v-cikis-15a-ve-20a-dusurucu-dy125-15-ve-dy125-20', NULL, NULL, 0, 0),
(113, '24V Giriş 13.5 V Çıkışlı Düşürücü 2413-189 5A ve 2413-289 8A', '', '', '24V-GIRIS-13.5 V CIKISLI-DUSURUCU- 2413-189 5A VE 2413-289 8A.jpg', 0, 1, 0, 84, 0, '24v-giris-13.5-v-cikisli-dusurucu-2413-189-5a-ve-2413-289-8a', NULL, NULL, NULL, 0),
(114, '24V Giriş 13.5 V Çıkışlı 12A ve 18A-2412D-12 ve 2412D-18', '', '', '24V-GIRIS-13.5 V-CIKISLI-12A-VE 18A-2412D-12 VE 2412D-18.jpg', 0, 1, 0, 84, 0, '24v-giris-13.5-v-cikisli-12a-ve-18a-2412d-12-ve-2412d-18', NULL, NULL, NULL, 0),
(115, 'Converterler', '', '', 'converterler.jpg', 0, 1, 0, 84, 0, 'converterler', NULL, NULL, 1, 0),
(116, 'Kısa Kasa Yükseltici', '', '', 'KISA KASA YUKSELTICI.jpg', 0, 1, 0, 84, 0, 'kisa-kasa-yukseltici', NULL, NULL, 0, 0),
(117, 'Toplu Converter', '', '', 'Toplu converter.jpg', 0, 1, 0, 84, 0, 'toplu-converter', NULL, NULL, 0, 0),
(118, 'Combi Alıcı Karşıdan Görünüş Tek', '', '', 'COMBI-ALICI-KARSIDAN-GORUNUS-TEK.jpg', 0, 1, 0, 85, 0, 'combi-alici-karsidan-gorunus-tek', NULL, NULL, 1, 0),
(119, 'Combi Alttan Görünüş Tek', '', '', 'combi-alttan-gorunus-tek.jpg', 0, 1, 0, 85, 0, 'combi-alttan-gorunus-tek', NULL, NULL, 0, 0),
(120, 'Eco Alıcı Üstten Tek', '', '', 'ECO-ALICI-USTTEN-TEK.jpg', 0, 1, 0, 85, 0, 'eco-alici-ustten-tek', NULL, NULL, 0, 0),
(121, 'Eco Kuru Kontak Tek', '', '', 'eco-kuru-kontak-tek.jpg', 0, 1, 0, 85, 0, 'eco-kuru-kontak-tek', NULL, NULL, 0, 0),
(122, 'Eco Mouse Alttan Görünüş Tek', '', '', 'ECO-MOUSE-ALTTAN-GORUNUS-TEK.jpg', 0, 1, 0, 85, 0, 'eco-mouse-alttan-gorunus-tek', NULL, NULL, 0, 0),
(123, 'Eco Mouse Önden Görünüş 1-Tek', '', '', 'ECO-MOUSE-ONDEN-GORUNUS-1-TEK.jpg', 0, 1, 0, 85, 0, 'eco-mouse-onden-gorunus-1-tek', NULL, NULL, 0, 0),
(124, '20170619_085549', '', '', '20170619_085549.jpg', 0, 1, 1497819600, 85, 0, '20170619-085549', NULL, NULL, 0, 0),
(125, '20170619_090027', '', '', '20170619_090027.jpg', 0, 1, 1497819600, 85, 0, '20170619-090027', NULL, NULL, 0, 0),
(126, '20170619_090207', '', '', '20170619_090207.jpg', 0, 1, 1497819600, 85, 0, '20170619-090207', NULL, NULL, NULL, 0),
(127, 'Eco Mouse Yandan Görünüş 1-TEK', '', '', 'ECO-MOUSE-YANDAN-GORUNUS-1-TEK.jpg', 0, 1, 0, 85, 0, 'eco-mouse-yandan-gorunus-1-tek', NULL, NULL, 0, 0),
(128, 'Eco Yandan Görünüş Tek', '', '', 'ECO-YANDAN-GORUNUS-TEK.jpg', 0, 1, 0, 85, 0, 'eco-yandan-gorunus-tek', NULL, NULL, 0, 0),
(129, 'El Kumandası Tek', '', '', 'el-kumandası-tek.jpg', 0, 1, 0, 85, 0, 'el-kumandasi-tek', NULL, NULL, 0, 0),
(130, 'Garaj Açıcı Üssten Görünüş Tek', '', '', 'garaj-acıcı-ussten-gorunus-tek.jpg', 0, 1, 0, 85, 0, 'garaj-acici-ussten-gorunus-tek', NULL, NULL, 0, 0),
(131, 'IMG_6156 Yeni', '', '', 'IMG_6156-YENI.jpg', 0, 1, 0, 85, 0, 'img-6156-yeni', NULL, NULL, NULL, 0),
(132, 'Magic Alıcı Alttan Görünüş Tek', '', '', 'magic-alici-alttan-gorunus-tek.jpg', 0, 1, 0, 85, 0, 'magic-alici-alttan-gorunus-tek', NULL, NULL, NULL, 0),
(133, 'Magic Çapraz Tek', '', '', 'magic-capraz-tek.jpg', 0, 1, 0, 85, 0, 'magic-capraz-tek', NULL, NULL, 0, 0),
(134, 'Multi-2 Alttan Görünüş Tek', '', '', 'multi-2-alttan-gorunus-tek.jpg', 0, 1, 0, 85, 0, 'multi-2-alttan-gorunus-tek', NULL, NULL, NULL, 0),
(135, 'Multi-2 Tek', '', '', 'multi-2-tek.jpg', 0, 1, 0, 85, 0, 'multi-2-tek', NULL, NULL, NULL, 0),
(136, 'Multi-2- Yan Görünüş Tek', '', '', 'multi-2-yan-gorunus-tek.jpg', 0, 1, 0, 85, 0, 'multi-2--yan-gorunus-tek', NULL, NULL, NULL, 0),
(138, 'Multi-3 Alttan Görünüş Tek', '', '', 'multi-3-alttan-gorunus-tek.jpg', 0, 1, 0, 85, 0, 'multi-3-alttan-gorunus-tek', NULL, NULL, 0, 0),
(139, 'Multi-3 Üstten Görünüş Tek', '', '', 'multi-3-ustten-gorunus-tek.jpg', 0, 1, 0, 85, 0, 'multi-3-ustten-gorunus-tek', NULL, NULL, NULL, 0),
(140, 'Multi-3 Yandan Görünüş Tek', '', '', 'multi-3-yandan-gorunus-tek.jpg', 0, 1, 0, 85, 0, 'multi-3-yandan-gorunus-tek', NULL, NULL, NULL, 0),
(141, '1000 Çift Kanal Çaprazdan Görünüş Tek', '', '', '1000-cift-kanal-caprazdan-gorunus-tek.jpg', 0, 1, 0, 86, 0, '1000-cift-kanal-caprazdan-gorunus-tek', NULL, NULL, NULL, 0),
(142, '1100 Watt Tek Kanal Çapraz Tek', '', '', '1100-watt-tek-kanal-capraz-tek.jpg', 0, 1, 0, 86, 0, '1100-watt-tek-kanal-capraz-tek', NULL, NULL, NULL, 0),
(143, '1100 Watt Tek Kanal Karşıdan Tek', '', '', '1100-w-tek-kanal-karsidan-tek.jpg', 0, 1, 0, 86, 0, '1100-watt-tek-kanal-karsidan-tek', NULL, NULL, 0, 0),
(144, '1100 Watt Tek Kanal Tek Kumandasız', '', '', '1100-w-tek-kanal-tek-kumandasiz.jpg', 0, 1, 0, 86, 0, '1100-watt-tek-kanal-tek-kumandasiz', NULL, NULL, NULL, 0),
(145, '1200 Watt Çift Kanal Karşıdan Tek', '', '', '1200-w-cift-kanal-karsidan-tek.jpg', 0, 1, 0, 86, 0, '1200-watt-cift-kanal-karsidan-tek', NULL, NULL, NULL, 0),
(146, '1300 Üç Kanal Tek', '', '', '1300-uc-kanal-tek.jpg', 0, 1, 0, 86, 0, '1300-uc-kanal-tek', NULL, NULL, 1, 0),
(147, '1300 Watt Karşıdan Görünüş Tek', '', '', '1300-w-karsıdan-gorunus-tek.jpg', 0, 1, 0, 86, 0, '1300-watt-karsidan-gorunus-tek', NULL, NULL, NULL, 0),
(148, '1500 Watt Çift Kanal Çapraz Tek', '', '', '1500-w-cift-kanal-capraz-tek.jpg', 0, 1, 0, 86, 0, '1500-watt-cift-kanal-capraz-tek', NULL, NULL, 0, 0),
(149, '1500 Watt Çift Kanal Karşıdan Tek', '', '', '1500-w-cift-kanal-karsıdan-tek.jpg', 0, 1, 0, 86, 0, '1500-watt-cift-kanal-karsidan-tek', NULL, NULL, NULL, 0),
(150, '1500 Watt Tek Kanal Çapraz Tek', '', '', '1500-w-tek-kanal-capraz-tek.jpg', 0, 1, 0, 86, 0, '1500-watt-tek-kanal-capraz-tek', NULL, NULL, NULL, 0),
(151, '1500 Watt Tek Kanal Karşıdan Tek', '', '', '1500-w-tek-kanal-karsidan-tek.jpg', 0, 1, 0, 86, 0, '1500-watt-tek-kanal-karsidan-tek', NULL, NULL, NULL, 0),
(152, '1500 Watt Üç Kanal Çapraz Tek', '', '', '1500-w-uc-kanal-capraz-tek.jpg', 0, 1, 0, 86, 0, '1500-watt-uc-kanal-capraz-tek', NULL, NULL, NULL, 0),
(153, '2000 Watt Çapraz Tek', '', '', '2000-w-capraz-tek.jpg', 0, 1, 0, 86, 0, '2000-watt-capraz-tek', NULL, NULL, NULL, 0),
(154, '2000 Watt Çift Kanal Arkadan Görünüş Tek', '', '', '2000-w-cift-kanal-arkadan-gorunus-tek.jpg', 0, 1, 0, 86, 0, '2000-watt-cift-kanal-arkadan-gorunus-tek', NULL, NULL, NULL, 0),
(155, '2000 Watt Önden Görünüş Tek', '', '', '2000-w-onden-gorunus-tek.jpg', 0, 1, 0, 86, 0, '2000-watt-onden-gorunus-tek', NULL, NULL, NULL, 0),
(156, 'Doğtaş Wallwasher Uygulaması', '', '', 'DOGTAS-WALLWASHER-UYGULAMASI.jpg', 0, 1, 0, 87, 0, 'dogtas-wallwasher-uygulamasi', NULL, NULL, NULL, 0),
(157, 'RGB Wallwasher', '', '', 'RGB-WALLWASHER.jpg', 0, 1, 0, 87, 0, 'rgb-wallwasher', NULL, NULL, 1, 0),
(158, 'Wallwasher Beyaz Çalışır', '', '', 'wallwasher-beyaz-calisir.jpg', 0, 1, 0, 87, 0, 'wallwasher-beyaz-calisir', NULL, NULL, 0, 0),
(159, 'Wallwasherr', '', '', 'wallwasherr.jpg', 0, 1, 0, 87, 0, 'wallwasherr', NULL, NULL, NULL, 0),
(160, 'Havuz Sıcaklığı Klor PH Havuz Pano', '', '', 'HAVUZ-SICAKLIGI-KLOR-PH-HAVUZ-PANO.jpg', 0, 1, 0, 88, 0, 'havuz-sicakligi-klor-ph-havuz-pano', NULL, NULL, NULL, 0),
(161, 'Kapalı Sera Isı Ölçüm ve Saat Dakika Panosu', '', '', 'KAPALI-SERA-ISI-OLCUM-VE-SAAT-DAKIKA-PANOSU.jpg', 0, 1, 0, 88, 0, 'kapali-sera-isi-olcum-ve-saat-dakika-panosu', NULL, NULL, 1, 0),
(162, 'Romanya Döviz Panosu', '', '', 'ROMANYA-DOVIZ-PANOSU.jpg', 0, 1, 0, 88, 0, 'romanya-doviz-panosu', NULL, NULL, NULL, 0),
(163, 'Saat Dakika Sıcaklık PH Klor Havuz Sıcaklık', '', '', 'SAAT-DAKIKA-SICAKLIK - PH- KLOR- HAVUZ SICAKLIK.jpg', 0, 1, 0, 88, 0, 'saat-dakika-sicaklik-ph-klor-havuz-sicaklik', NULL, NULL, NULL, 0),
(164, 'Skorboard -1', '', '', 'SKORBOARD (1).jpg', 0, 1, 0, 88, 0, 'skorboard--1', NULL, NULL, NULL, 0),
(165, 'Skorboard -2', '', '', 'SKORBOARD (2).jpg', 0, 1, 0, 88, 0, 'skorboard--2', NULL, NULL, NULL, 0),
(166, 'IMG_1031', '', '', 'IMG_1031.jpg', 0, 1, 0, 89, 0, 'img-1031', NULL, NULL, NULL, 0),
(167, 'IMG_1121', '', '', 'IMG_1121.jpg', 0, 1, 0, 89, 0, 'img-1121', NULL, NULL, NULL, 0),
(168, 'IMG_1123', '', '', 'IMG_1123.jpg', 0, 1, 0, 89, 0, 'img-1123', NULL, NULL, NULL, 0),
(169, 'IMG_1153', '', '', 'IMG_1153.jpg', 0, 1, 0, 89, 0, 'img-1153', NULL, NULL, NULL, 0),
(170, 'IMG_1154', '', '', 'IMG_1154.jpg', 0, 1, 0, 89, 0, 'img-1154', NULL, NULL, NULL, 0),
(171, 'Otobüs Hat Panosu Açık', '', '', 'otobus-hat-panosu-acik.jpg', 0, 1, 0, 89, 0, 'otobus-hat-panosu-acik', NULL, NULL, NULL, 0),
(172, 'Otobüs Paneli', '', '', 'otobus-paneli.jpg', 0, 1, 0, 89, 0, 'otobus-paneli', NULL, NULL, NULL, 0),
(173, '10 Cm Saat', '', '', '10Cm-SAAT.jpg', 0, 1, 0, 90, 0, '10-cm-saat', NULL, NULL, NULL, 0),
(174, '20 Cm Saat', '', '', '20Cm-SAAT.jpg', 0, 1, 0, 90, 0, '20-cm-saat', NULL, NULL, NULL, 0),
(175, '30 Cm Aksu Madencilik Saat işi', '', '', '30-cm-aksu-madencilik-saat-isi.jpg', 0, 1, 0, 90, 0, '30-cm-aksu-madencilik-saat-isi', NULL, NULL, NULL, 0),
(176, 'Dershane Sınava Geri Sayım', '', '', 'dersane-sinava-geri-sayim.jpg', 0, 1, 0, 90, 0, 'dershane-sinava-geri-sayim', NULL, NULL, NULL, 0),
(177, 'Gözalan Group Geri Sayım Saati Gün Saat-Dakika-Saniye', '', '', 'GOZALAN-GROUP-GERI-SAYIM-SAATI-GUN-SAAT-DAKIKA-SANIYE.jpg', 0, 1, 0, 90, 0, 'gozalan-group-geri-sayim-saati-gun-saat-dakika-saniye', NULL, NULL, NULL, 0),
(178, 'Saat Dakika Display', '', '', 'Saat-dakika-display.jpg', 0, 1, 0, 90, 0, 'saat-dakika-display', NULL, NULL, NULL, 0),
(179, 'Saat Dakika Saniye Geri Sayım Saati', '', '', 'SAAT-DAKIKA-SANIYE-GERI-SAYIM-SAATI.jpg', 0, 1, 0, 90, 0, 'saat-dakika-saniye-geri-sayim-saati', NULL, NULL, 1, 0),
(180, 'Azerbeycan Otobüs Panosu', '', '', '32 x 128 Public B.YEllow S. - azerbeycan otobus panosu.jpg', 0, 1, 0, 92, 0, 'azerbeycan-otobus-panosu', NULL, NULL, NULL, 0),
(181, 'Ağaoğlu My Town Havuz Panosu', '', '', 'agaoglu-my-town-havuz-panosu.jpg', 0, 1, 0, 92, 0, 'agaoglu-my-town-havuz-panosu', NULL, NULL, NULL, 0),
(182, 'Aqua Nort Kerkük 120x100 Döviz Panosu', '', '', 'aqua-nort-kerkuk 120x100 dovız-panosu.jpg', 0, 1, 0, 92, 0, 'aqua-nort-kerkuk-120x100-doviz-panosu', NULL, NULL, NULL, 0),
(183, 'Aselsan', '', '', 'aselsan.jpg', 0, 1, 0, 92, 0, 'aselsan', NULL, NULL, NULL, 0),
(184, 'Cnn Tv Stüdyo -1', '', '', 'CNN-TV-STUDYO (1).jpg', 0, 1, 0, 92, 0, 'cnn-tv-studyo--1', NULL, NULL, NULL, 0),
(185, 'Cnn Tv Stüdyo -2', '', '', 'CNN-TV-STUDYO (2).jpg', 0, 1, 0, 92, 0, 'cnn-tv-studyo--2', NULL, NULL, NULL, 0),
(186, 'Cnn Tv Stüdyo -3', '', '', 'CNN-TV-STUDYO (3).jpg', 0, 1, 0, 92, 0, 'cnn-tv-studyo--3', NULL, NULL, NULL, 0),
(187, 'Cnn Tv Stüdyo Projesi -2', '', '', 'CNN-TV-STUDYO-PROJESI 2.jpg', 0, 1, 0, 92, 0, 'cnn-tv-studyo-projesi--2', NULL, NULL, NULL, 0),
(188, 'Cnn Tv Stüdyo Projesi -1', '', '', 'CNN-TV-STUDYO-PROJESI.jpg', 0, 1, 0, 92, 0, 'cnn-tv-studyo-projesi--1', NULL, NULL, NULL, 0),
(189, 'Doğtaş Mobilya Referansı -1', '', '', 'DOGTAS-MOBILYA-REFERANSI (1).jpg', 0, 1, 0, 92, 0, 'dogtas-mobilya-referansi--1', NULL, NULL, NULL, 0),
(190, 'Doğtaş Mobilya Referansı -2', '', '', 'DOGTAS-MOBILYA-REFERANSI (2).jpg', 0, 0, 0, 92, 0, 'dogtas-mobilya-referansi--2', NULL, NULL, NULL, 0),
(191, 'Doğtaş Mobilya Referansı -3', '', '', 'DOGTAS-MOBILYA-REFERANSI (3).jpg', 0, 0, 0, 92, 0, 'dogtas-mobilya-referansi--3', NULL, NULL, NULL, 0),
(192, 'Doğtaş Mobilya Referansı -4', '', '', 'DOGTAS-MOBILYA-REFERANSI (4).jpg', 0, 0, 0, 92, 0, 'dogtas-mobilya-referansi--4', NULL, NULL, NULL, 0),
(193, 'Doğtaş Mobilya Referansı -5', '', '', 'DOGTAS-MOBILYA-REFERANSI (5).jpg', 0, 0, 0, 92, 0, 'dogtas-mobilya-referansi--5', NULL, NULL, NULL, 0),
(194, 'Doğtaş Mobilya Referansı -6', '', '', 'DOGTAS-MOBILYA-REFERANSI (6).jpg', 0, 0, 0, 92, 0, 'dogtas-mobilya-referansi--6', NULL, NULL, NULL, 0),
(195, 'Doğtaş Mobilya Referansı -7', '', '', 'DOGTAS-MOBILYA-REFERANSI (7).jpg', 0, 0, 0, 92, 0, 'dogtas-mobilya-referansi--7', NULL, NULL, NULL, 0),
(196, 'Doğtaş Mobilya Referansı -8', '', '', 'DOGTAS-MOBILYA-REFERANSI (8).jpg', 0, 0, 0, 92, 0, 'dogtas-mobilya-referansi--8', NULL, NULL, NULL, 0),
(197, 'Doğtaş Mobilya Referansı -9', '', '', 'DOGTAS-MOBILYA-REFERANSI (9).jpg', 0, 0, 0, 92, 0, 'dogtas-mobilya-referansi--9', NULL, NULL, NULL, 0),
(198, 'Doğtaş Mobilya Referansı -10', '', '', 'DOGTAS-MOBILYA-REFERANSI (10).jpg', 0, 0, 0, 92, 0, 'dogtas-mobilya-referansi--10', NULL, NULL, NULL, 0),
(199, 'Doğtaş Mobilya Referansı -11', '', '', 'DOGTAS-MOBILYA-REFERANSI (11).jpg', 0, 0, 0, 92, 0, 'dogtas-mobilya-referansi--11', NULL, NULL, NULL, 0),
(200, 'Eczacıbaşı 29X12CM 5 Haneli İleri Sayıcı', '', '', 'ECZACIBASI-29X12CM-5-HANELI-ILERI-SAYICI.jpg', 0, 1, 0, 92, 0, 'eczacibasi-29x12cm-5-haneli-ileri-sayici', NULL, NULL, NULL, 0),
(201, 'Gözalan Group Yeni Programa Geçiş Geri Sayım Saati -1', '', '', 'gozalan-group-yenı-programa-gecis-geri-sayim-saati (1).jpg', 0, 1, 0, 92, 0, 'gozalan-group-yeni-programa-gecis-geri-sayim-saati--1', NULL, NULL, NULL, 0),
(202, 'Gözalan Group Yeni Programa Geçiş Geri Sayım Saati -2', '', '', 'gozalan-group-yeni-programa-gecis-geri-sayim-saati (2).jpg', 0, 0, 0, 92, 0, 'gozalan-group-yeni-programa-gecis-geri-sayim-saati--2', NULL, NULL, NULL, 0),
(203, 'Gümüşsuyu Asker Hastanesi', '', '', 'gumussuyu-asker-hastanesi.jpg', 0, 1, 0, 92, 0, 'gumussuyu-asker-hastanesi', NULL, NULL, NULL, 0),
(204, 'Işık Okulları Merkezi ve Diğer Saatleri', '', '', 'ISIK-OKULLARI-MERKEZI-VE-DIGER-SAATLER.jpg', 0, 1, 0, 92, 0, 'isik-okullari-merkezi-ve-diger-saatleri', NULL, NULL, NULL, 0),
(205, 'İstanbul Lines Feribot -3', '', '', 'ISTANBUL-LINES-FERIBOT  (3).jpg', 0, 1, 0, 92, 0, 'istanbul-lines-feribot--3', NULL, NULL, NULL, 0),
(206, 'İstanbul Lines Feribot -1', '', '', 'ISTANBUL-LINES-FERIBOT (1).jpg', 0, 1, 0, 92, 0, 'istanbul-lines-feribot--1', NULL, NULL, NULL, 0),
(207, 'İstanbul Lines Feribot -2', '', '', 'ISTANBUL-LINES-FERIBOT (2).jpg', 0, 1, 0, 92, 0, 'istanbul-lines-feribot--2', NULL, NULL, NULL, 0),
(208, 'Kasımpaşa Askeri Hastanesi', '', '', 'kasımpasa-askeri-hastanesi.jpg', 0, 1, 0, 92, 0, 'kasimpasa-askeri-hastanesi', NULL, NULL, NULL, 0),
(209, 'Mercedes Benz', '', '', 'M.B.jpg', 0, 1, 0, 92, 0, 'mercedes-benz', NULL, NULL, NULL, 0),
(210, 'Modoko Keyap Kayan Yazı', '', '', 'modoko-keyap-kayan-yazi.jpg', 0, 1, 0, 92, 0, 'modoko-keyap-kayan-yazi', NULL, NULL, NULL, 0),
(211, 'Otokar', '', '', 'otokar.jpg', 0, 1, 0, 92, 0, 'otokar', NULL, NULL, NULL, 0),
(212, 'Otokar Andom', '', '', 'OTOKAR-ANDOM.jpg', 0, 1, 0, 92, 0, 'otokar-andom', NULL, NULL, NULL, 0),
(213, 'Otoyol', '', '', 'OTOYOL.jpg', 0, 1, 0, 92, 0, 'otoyol', NULL, NULL, NULL, 0),
(214, 'Popstar Alaturka Referansı -1', '', '', 'POPSTAR-ALATURKA-REFERANSI (1).jpg', 0, 1, 0, 92, 0, 'popstar-alaturka-referansi--1', NULL, NULL, NULL, 0),
(215, 'Popstar Alaturka Referansı -2', '', '', 'POPSTAR-ALATURKA-REFERANSI (2).jpg', 0, 1, 0, 92, 0, 'popstar-alaturka-referansi--2', NULL, NULL, NULL, 0),
(216, 'Popstar Alaturka Referansı -3', '', '', 'POPSTAR-ALATURKA-REFERANSI (3).jpg', 0, 1, 0, 92, 0, 'popstar-alaturka-referansi--3', NULL, NULL, NULL, 0),
(217, 'Popstar Alaturka Referansı -4', '', '', 'POPSTAR-ALATURKA-REFERANSI (4).jpg', 0, 1, 0, 92, 0, 'popstar-alaturka-referansi--4', NULL, NULL, NULL, 0),
(218, 'Popstar Alaturka Referansı -5', '', '', 'POPSTAR-ALATURKA-REFERANSI (5).jpg', 0, 1, 0, 92, 0, 'popstar-alaturka-referansi--5', NULL, NULL, NULL, 0),
(219, 'Popstar Alaturka Referansı -6', '', '', 'POPSTAR-ALATURKA-REFERANSI (6).jpg', 0, 1, 0, 92, 0, 'popstar-alaturka-referansi--6', NULL, NULL, NULL, 0),
(220, 'Popstar Alaturka Referansı -7', '', '', 'POPSTAR-ALATURKA-REFERANSI (7).jpg', 0, 1, 0, 92, 0, 'popstar-alaturka-referansi--7', NULL, NULL, NULL, 0),
(221, 'Popstar Alaturka Referansı -8', '', '', 'POPSTAR-ALATURKA-REFERANSI (8).jpg', 0, 1, 0, 92, 0, 'popstar-alaturka-referansi--8', NULL, NULL, NULL, 0),
(222, 'Romanya Yeşil Döviz Panosu', '', '', 'ROMANYA-YESIL-DOVIZ-PANOSU.jpg', 0, 1, 0, 92, 0, 'romanya-yesil-doviz-panosu', NULL, NULL, NULL, 0),
(223, 'Sipariş Kayan Yazı Copy', '', '', 'SIPARIS-KAYAN-YAZI-copy.jpg', 0, 1, 0, 92, 0, 'siparis-kayan-yazi-copy', NULL, NULL, NULL, 0),
(224, 'Tgs Yer Hizmetleri Kayan Yazı', '', '', 'tgs-yer-hizmetleri-kayan-yazi.jpg', 0, 1, 0, 92, 0, 'tgs-yer-hizmetleri-kayan-yazi', NULL, NULL, NULL, 0),
(225, '2007 Cv Otomobil Fuarı', '<p>Lorem ipsum dolor sit amet, quo sint error sanctus in, ferri phaedrum deseruisse ea duo, ad nonumes consetetur temporibus qui. An tota graece nam, debet disputando id mei, eum in scribentur mediocritatem. Eu vis diam melius scripta. Dicam posidonium et pri. Id ius sumo clita commodo, animal nostrum oporteat nam ne, possit putant ea mei. Saepe verterem per te, mentitum accusata an vim, ne nam aeterno principes imperdiet.</p>\r\n', 'Lorem ipsum dolor sit amet, quo sint error sanctus in, ferri phaedrum deseruisse ea duo, ad nonumes consetetur temporibus qui. ', '2007 CV OTOMOBİL FUARI (1)_1280x800.jpg', 0, 1, 1563051600, 94, 0, '2007-cv-otomobil-fuari--1', NULL, NULL, NULL, 0),
(228, '2009 Led Fuarı', '<p>Lorem ipsum dolor sit amet, quo sint error sanctus in, ferri phaedrum deseruisse ea duo, ad nonumes consetetur temporibus qui. An tota graece nam, debet disputando id mei, eum in scribentur mediocritatem. Eu vis diam melius scripta. Dicam posidonium et pri. Id ius sumo clita commodo, animal nostrum oporteat nam ne, possit putant ea mei. Saepe verterem per te, mentitum accusata an vim, ne nam aeterno principes imperdiet.</p>\r\n', 'Lorem ipsum dolor sit amet, quo sint error sanctus in, ferri phaedrum deseruisse ea duo, ad nonumes consetetur temporibus qui.', '2009 LED FUAR_1280x800.jpg', 0, 1, 1562706000, 94, 0, '2009-led-fuari', NULL, NULL, NULL, 0),
(229, '2009 Sign Fuarı', '<p>Lorem ipsum dolor sit amet, quo sint error sanctus in, ferri phaedrum deseruisse ea duo, ad nonumes consetetur temporibus qui. An tota graece nam, debet disputando id mei, eum in scribentur mediocritatem. Eu vis diam melius scripta. Dicam posidonium et pri. Id ius sumo clita commodo, animal nostrum oporteat nam ne, possit putant ea mei. Saepe verterem per te, mentitum accusata an vim, ne nam aeterno principes imperdiet.</p>\r\n', 'Lorem ipsum dolor sit amet, quo sint error sanctus in, ferri phaedrum deseruisse ea duo, ad nonumes consetetur temporibus qui.', '2009 SIGN FUARI (1)_1280x800.jpg', 0, 1, 1562619600, 94, 0, '2009-sign-fuari', NULL, NULL, NULL, 0),
(235, '2010 Led Fuarı', '<p>Lorem ipsum dolor sit amet, quo sint error sanctus in, ferri phaedrum deseruisse ea duo, ad nonumes consetetur temporibus qui. An tota graece nam, debet disputando id mei, eum in scribentur mediocritatem. Eu vis diam melius scripta. Dicam posidonium et pri. Id ius sumo clita commodo, animal nostrum oporteat nam ne, possit putant ea mei. Saepe verterem per te, mentitum accusata an vim, ne nam aeterno principes imperdiet.</p>\r\n', 'Lorem ipsum dolor sit amet, quo sint error sanctus in, ferri phaedrum deseruisse ea duo, ad nonumes consetetur temporibus qui.', '2010 LED FUARI (1)_1280x800.jpg', 0, 1, 1278709200, 94, 0, '2010-led-fuari', NULL, NULL, NULL, 0),
(238, '2010 Sign Fuarı', '<p>Lorem ipsum dolor sit amet, quo sint error sanctus in, ferri phaedrum deseruisse ea duo, ad nonumes consetetur temporibus qui. An tota graece nam, debet disputando id mei, eum in scribentur mediocritatem. Eu vis diam melius scripta. Dicam posidonium et pri. Id ius sumo clita commodo, animal nostrum oporteat nam ne, possit putant ea mei. Saepe verterem per te, mentitum accusata an vim, ne nam aeterno principes imperdiet.</p>\r\n', 'Lorem ipsum dolor sit amet, quo sint error sanctus in, ferri phaedrum deseruisse ea duo, ad nonumes consetetur temporibus qui.', '2010 SIGN FUARI (1)_1280x800.jpg', 0, 1, 1278104400, 94, 0, '2010-sign-fuari', NULL, NULL, NULL, 0),
(244, '2011 Led Fuarı', '<p>Lorem ipsum dolor sit amet, quo sint error sanctus in, ferri phaedrum deseruisse ea duo, ad nonumes consetetur temporibus qui. An tota graece nam, debet disputando id mei, eum in scribentur mediocritatem. Eu vis diam melius scripta. Dicam posidonium et pri. Id ius sumo clita commodo, animal nostrum oporteat nam ne, possit putant ea mei. Saepe verterem per te, mentitum accusata an vim, ne nam aeterno principes imperdiet.</p>\r\n', 'Lorem ipsum dolor sit amet, quo sint error sanctus in, ferri phaedrum deseruisse ea duo, ad nonumes consetetur temporibus qui.', '2011 LED FUARI (2)_1280x800.jpg', 0, 1, 1309726800, 94, 0, '2011-led-fuari', NULL, NULL, NULL, 0),
(246, '2012 Yapı Fuarı ', '<p>Lorem ipsum dolor sit amet, quo sint error sanctus in, ferri phaedrum deseruisse ea duo, ad nonumes consetetur temporibus qui. An tota graece nam, debet disputando id mei, eum in scribentur mediocritatem. Eu vis diam melius scripta. Dicam posidonium et pri. Id ius sumo clita commodo, animal nostrum oporteat nam ne, possit putant ea mei. Saepe verterem per te, mentitum accusata an vim, ne nam aeterno principes imperdiet.</p>\r\n', 'Lorem ipsum dolor sit amet, quo sint error sanctus in, ferri phaedrum deseruisse ea duo, ad nonumes consetetur temporibus qui.', '2012 YAPI FUARI_1280x800.jpg', 0, 1, 1341262800, 94, 0, '2012-yapi-fuari', NULL, NULL, NULL, 0),
(247, '2013 Yapı Fuarı', '<p>Lorem ipsum dolor sit amet, quo sint error sanctus in, ferri phaedrum deseruisse ea duo, ad nonumes consetetur temporibus qui. An tota graece nam, debet disputando id mei, eum in scribentur mediocritatem. Eu vis diam melius scripta. Dicam posidonium et pri. Id ius sumo clita commodo, animal nostrum oporteat nam ne, possit putant ea mei. Saepe verterem per te, mentitum accusata an vim, ne nam aeterno principes imperdiet.</p>\r\n', 'Lorem ipsum dolor sit amet, quo sint error sanctus in, ferri phaedrum deseruisse ea duo, ad nonumes consetetur temporibus qui.', '2013 YAPI FUARI_1280x800.jpg', 0, 1, 1372712400, 94, 0, '2013-yapi-fuari', NULL, NULL, NULL, 0),
(248, 'Arı Elektronik 2017 Fuar Kapı Pencere Fuarı', '<p>Lorem ipsum dolor sit amet, quo sint error sanctus in, ferri phaedrum deseruisse ea duo, ad nonumes consetetur temporibus qui. An tota graece nam, debet disputando id mei, eum in scribentur mediocritatem. Eu vis diam melius scripta. Dicam posidonium et pri. Id ius sumo clita commodo, animal nostrum oporteat nam ne, possit putant ea mei. Saepe verterem per te, mentitum accusata an vim, ne nam aeterno principes imperdiet.</p>\r\n', 'Lorem ipsum dolor sit amet, quo sint error sanctus in, ferri phaedrum deseruisse ea duo, ad nonumes consetetur temporibus qui.', 'ARI ELEKTRONİK - 2017 FUAR KAPI PENCERE FUARI_1280x800.jpg', 0, 1, 1498856400, 94, 0, 'ari-elektronik-2017-fuar-kapi-pencere-fuari', NULL, NULL, NULL, 0);

-- --------------------------------------------------------

--
-- Tablo için tablo yapısı `sayfa_turu`
--

CREATE TABLE `sayfa_turu` (
  `id` int(11) NOT NULL,
  `baslik` varchar(500) DEFAULT NULL,
  `route` varchar(50) DEFAULT NULL,
  `durum` int(2) DEFAULT NULL
) ENGINE=InnoDB DEFAULT CHARSET=utf8;

--
-- Tablo döküm verisi `sayfa_turu`
--

INSERT INTO `sayfa_turu` (`id`, `baslik`, `route`, `durum`) VALUES
(1, 'İçerik Sayfası', 'content', 1),
(3, 'İletişim Sayfası', 'contact', 1),
(5, 'Direk Link', 'direklink', 1),
(6, 'Ürünler Sayfası', 'products', 1),
(7, 'Hizmetlerimiz Sayfası', 'services', 1),
(9, 'Referanslar Sayfası', 'references', 1),
(10, 'Hizmet Detay Sayfası', 'services_detail', 1),
(11, 'Dokümanlar Sayfası', 'documents', 1),
(12, 'Galeri Sayfası', 'gallery', 1),
(13, 'Fuar Sayfası', 'fuar', 1),
(14, 'Duyuru & Haber Sayfası', 'news', 1);

-- --------------------------------------------------------

--
-- Tablo için tablo yapısı `sss`
--

CREATE TABLE `sss` (
  `id` int(11) NOT NULL,
  `baslik` varchar(255) DEFAULT NULL,
  `detay` text,
  `durum` int(2) DEFAULT NULL,
  `sira` double DEFAULT NULL,
  `kategori_id` int(11) DEFAULT NULL,
  `vitrin` int(2) DEFAULT NULL,
  `resim` varchar(255) DEFAULT NULL,
  `yuzde` double DEFAULT NULL
) ENGINE=InnoDB DEFAULT CHARSET=utf8;

-- --------------------------------------------------------

--
-- Tablo için tablo yapısı `stand`
--

CREATE TABLE `stand` (
  `id` int(11) NOT NULL,
  `baslik` varchar(255) DEFAULT NULL,
  `sira` int(11) DEFAULT NULL,
  `resim` varchar(255) DEFAULT NULL,
  `durum` int(2) DEFAULT NULL,
  `bolum_id` int(11) DEFAULT NULL,
  `detay` text,
  `kisa_icerik` text,
  `url` varchar(255) DEFAULT NULL,
  `tarih` int(11) DEFAULT NULL,
  `menu_id` int(11) DEFAULT NULL,
  `vitrin` int(2) DEFAULT NULL,
  `icon` varchar(255) DEFAULT NULL
) ENGINE=InnoDB DEFAULT CHARSET=utf8;

--
-- Tablo döküm verisi `stand`
--

INSERT INTO `stand` (`id`, `baslik`, `sira`, `resim`, `durum`, `bolum_id`, `detay`, `kisa_icerik`, `url`, `tarih`, `menu_id`, `vitrin`, `icon`) VALUES
(166, 'ARI ELEKTRONİK', 1, 'ari.jpg', 1, 1, '', '', '', 0, NULL, 0, NULL),
(167, 'ARI ELEKTRONİK', 0, 'ari2.jpg', 1, 1, '', '', '', 0, NULL, NULL, NULL),
(169, 'DUYURULAR', 0, 'foto1.jpg', 1, 15, '', 'Lorem ipsum dolor sit amet, quo sint error sanctus in, ferri phaedrum deseruisse ea duo, ad nonumes consetetur temporibus qui.', '', 1563656400, NULL, NULL, NULL),
(170, 'DUYURULAR2', 0, 'foto2.jpg', 1, 15, '', 'Lorem ipsum dolor sit amet, quo sint error sanctus in, ferri phaedrum deseruisse ea duo, ad nonumes consetetur temporibus qui.', '', 1563570000, NULL, NULL, NULL),
(171, 'DUYURULAR3', 0, 'foto3.jpg', 1, 15, '', 'Lorem ipsum dolor sit amet, quo sint error sanctus in, ferri phaedrum deseruisse ea duo, ad nonumes consetetur temporibus qui.', '', 1563483600, NULL, NULL, NULL),
(172, 'DUYURULAR4', 0, 'foto4.jpg', 1, 15, '', 'Lorem ipsum dolor sit amet, quo sint error sanctus in, ferri phaedrum deseruisse ea duo, ad nonumes consetetur temporibus qui.', '', 1563397200, NULL, NULL, NULL),
(173, 'DUYURULAR5', 0, 'foto5.jpg', 0, 15, '', '', '', 0, NULL, NULL, NULL),
(174, 'DUYURULAR6', 0, 'foto6.jpg', 0, 15, '', '', '', 0, NULL, NULL, NULL),
(175, 'Converterler', 0, 'converterler.jpg', 1, 12, '', '', 'converterler_', 0, NULL, 1, NULL),
(176, 'Kepenk Alıcıları', 0, 'COMBI-ALICI-KARSIDAN-GORUNUS-TEK.jpg', 1, 12, '', '', 'kepenk-alicilari_', 0, NULL, 1, NULL),
(177, 'Kepenk Ups', 0, '1300-uc-kanal-tek.jpg', 1, 12, '', '', 'kepenk-ups_', 0, NULL, 1, NULL),
(178, 'Led Aydınlatma', 0, 'RGB-WALLWASHER.jpg', 1, 12, '', '', 'led-aydinlatma_', 0, NULL, 1, NULL),
(179, 'Led Panolar', 0, 'KAPALI-SERA-ISI-OLCUM-VE-SAAT-DAKIKA-PANOSU.jpg', 1, 12, '', '', 'led-panolar_', 0, NULL, 1, NULL),
(180, 'Saatler', 0, 'SAAT-DAKIKA-SANIYE-GERI-SAYIM-SAATI.jpg', 1, 12, '', '', 'saatler_', 0, NULL, 1, NULL);

--
-- Tablo için indeksler `bolum`
--
ALTER TABLE `bolum`
  ADD PRIMARY KEY (`id`);

--
-- Tablo için indeksler `galeri`
--
ALTER TABLE `galeri`
  ADD PRIMARY KEY (`id`);

--
-- Tablo için indeksler `kategori`
--
ALTER TABLE `kategori`
  ADD PRIMARY KEY (`id`);

--
-- Tablo için indeksler `kisiler`
--
ALTER TABLE `kisiler`
  ADD PRIMARY KEY (`id`);

--
-- Tablo için indeksler `menu`
--
ALTER TABLE `menu`
  ADD PRIMARY KEY (`id`);

--
-- Tablo için indeksler `sayfalar`
--
ALTER TABLE `sayfalar`
  ADD PRIMARY KEY (`id`);

--
-- Tablo için indeksler `sayfa_turu`
--
ALTER TABLE `sayfa_turu`
  ADD PRIMARY KEY (`id`);

--
-- Tablo için indeksler `sss`
--
ALTER TABLE `sss`
  ADD PRIMARY KEY (`id`);

--
-- Tablo için indeksler `stand`
--
ALTER TABLE `stand`
  ADD PRIMARY KEY (`id`);

--
-- Tablo için AUTO_INCREMENT değeri `bolum`
--
ALTER TABLE `bolum`
  MODIFY `id` int(11) NOT NULL AUTO_INCREMENT, AUTO_INCREMENT=17;

--
-- Tablo için AUTO_INCREMENT değeri `galeri`
--
ALTER TABLE `galeri`
  MODIFY `id` int(11) NOT NULL AUTO_INCREMENT, AUTO_INCREMENT=333;

--
-- Tablo için AUTO_INCREMENT değeri `kategori`
--
ALTER TABLE `kategori`
  MODIFY `id` int(11) NOT NULL AUTO_INCREMENT, AUTO_INCREMENT=7;

--
-- Tablo için AUTO_INCREMENT değeri `kisiler`
--
ALTER TABLE `kisiler`
  MODIFY `id` int(11) NOT NULL AUTO_INCREMENT, AUTO_INCREMENT=2;

--
-- Tablo için AUTO_INCREMENT değeri `menu`
--
ALTER TABLE `menu`
  MODIFY `id` int(11) NOT NULL AUTO_INCREMENT, AUTO_INCREMENT=95;

--
-- Tablo için AUTO_INCREMENT değeri `sayfalar`
--
ALTER TABLE `sayfalar`
  MODIFY `id` int(11) NOT NULL AUTO_INCREMENT, AUTO_INCREMENT=250;

--
-- Tablo için AUTO_INCREMENT değeri `sayfa_turu`
--
ALTER TABLE `sayfa_turu`
  MODIFY `id` int(11) NOT NULL AUTO_INCREMENT, AUTO_INCREMENT=15;

--
-- Tablo için AUTO_INCREMENT değeri `sss`
--
ALTER TABLE `sss`
  MODIFY `id` int(11) NOT NULL AUTO_INCREMENT, AUTO_INCREMENT=13;

--
-- Tablo için AUTO_INCREMENT değeri `stand`
--
ALTER TABLE `stand`
  MODIFY `id` int(11) NOT NULL AUTO_INCREMENT, AUTO_INCREMENT=181;
COMMIT;

